{"id":20,"date":"2016-02-01T09:29:31","date_gmt":"2016-02-01T08:29:31","guid":{"rendered":"http:\/\/www.isop.at\/iku\/?page_id=20"},"modified":"2024-03-11T12:53:22","modified_gmt":"2024-03-11T11:53:22","slug":"termine","status":"publish","type":"page","link":"https:\/\/www.isop.at\/iku\/termine\/","title":{"rendered":"Termine"},"content":{"rendered":"<h2><span style=\"color: #800000;\"><strong>01.12.2023: 25-j\u00e4hriges <span class=\" fc-falcon\"><b>Jubil\u00e4um<\/b> <\/span>des Projekts IKU mit&nbsp; Pr\u00e4sentation des Buches EBUWA \u2013 die Geschichte einer Frau<\/strong><\/span><\/h2>\n<h3><span style=\"color: #800000;\"><strong>Seit 25 Jahren leistet das Projekt IKU sein Beitrag zur F\u00f6rderung der interkulturellen Verst\u00e4ndigung in der Gesellschaft. Veranstaltung am 1.12.23: <span class=\" fc-falcon\"><b>Buchpr\u00e4sentation<\/b><\/span> und die Evaluierung des Projekts mit den Partnern und den Zielgruppen bzw. Menschen, die das Projekt in den letzten Jahren begleitet haben&#8230;<\/strong><\/span><\/h3>\n<p>&nbsp;<\/p>\n<h3><img loading=\"lazy\" decoding=\"async\" class=\"alignnone wp-image-4350\" src=\"https:\/\/www.isop.at\/iku\/wp-content\/uploads\/2024\/03\/IMG-20231203-WA0048-300x169.jpg\" alt=\"IMG-20231203-WA0048\" width=\"470\" height=\"265\" srcset=\"https:\/\/www.isop.at\/iku\/wp-content\/uploads\/2024\/03\/IMG-20231203-WA0048-300x169.jpg 300w, https:\/\/www.isop.at\/iku\/wp-content\/uploads\/2024\/03\/IMG-20231203-WA0048-640x360.jpg 640w, https:\/\/www.isop.at\/iku\/wp-content\/uploads\/2024\/03\/IMG-20231203-WA0048-250x141.jpg 250w, https:\/\/www.isop.at\/iku\/wp-content\/uploads\/2024\/03\/IMG-20231203-WA0048-107x60.jpg 107w, https:\/\/www.isop.at\/iku\/wp-content\/uploads\/2024\/03\/IMG-20231203-WA0048.jpg 1600w\" sizes=\"auto, (max-width: 470px) 100vw, 470px\" \/><\/h3>\n<h3>&nbsp;<\/h3>\n<h3><span style=\"color: #800000;\"><strong>&nbsp;<\/strong><\/span><span style=\"color: #800000;\"><b><i>Veranstaltungsort: Heimatsaal\/Volkskundemuseum<\/i><\/b><\/span><\/h3>\n<h3>&nbsp;<\/h3>\n<h2><span style=\"color: #800000;\"><strong>07.12.2020: Er\u00f6ffnung der Bilder der Vilefalt am Eisernen Tor<br \/>\n<\/strong><\/span><\/h2>\n<h3><span style=\"color: #800000;\"><strong>Am 7. Dezember 2020 wurde eine Plakatserie von sechs Bildern vergestellt, die Portr\u00e4ts von Menschen zeigen, welche die kulturelle, religi\u00f6se und soziale Vielfalt von Graz zum Ausdruck bringen und das Gesicht der Stadt pr\u00e4gen. 120 dieser Plakate wurden von der Firma Ank\u00fcnder an verschiedenen Standorten in ganz Graz f\u00fcr den Zeitraum von <strong>7.12. 2020 bis 4.1. 2021&nbsp;aufgestellt. <\/strong><\/strong><\/span><\/h3>\n<p>&nbsp;<\/p>\n<p><img loading=\"lazy\" decoding=\"async\" class=\"alignnone wp-image-3884\" src=\"https:\/\/www.isop.at\/iku\/wp-content\/uploads\/2016\/02\/Plakat-640x427.jpg\" alt=\"Plakat\" width=\"465\" height=\"310\" srcset=\"https:\/\/www.isop.at\/iku\/wp-content\/uploads\/2016\/02\/Plakat-640x427.jpg 640w, https:\/\/www.isop.at\/iku\/wp-content\/uploads\/2016\/02\/Plakat-300x200.jpg 300w, https:\/\/www.isop.at\/iku\/wp-content\/uploads\/2016\/02\/Plakat-250x167.jpg 250w, https:\/\/www.isop.at\/iku\/wp-content\/uploads\/2016\/02\/Plakat-90x60.jpg 90w, https:\/\/www.isop.at\/iku\/wp-content\/uploads\/2016\/02\/Plakat.jpg 1299w\" sizes=\"auto, (max-width: 465px) 100vw, 465px\" \/><\/p>\n<h2><span style=\"color: #800000;\"><strong>Graz als Stadt der vielf\u00e4ltigen Zukunft &#8211; ohne Angst verschieden sein <\/strong><\/span><\/h2>\n<h3><span style=\"color: #800000;\"><strong>Ziel des Projekts ist es, zu zeigen, dass niemand auf Grund seiner oder ihrer \u00e4u\u00dferen Erscheinung, Hautfarbe, Religion etc. gesellschaftlich&nbsp; ausgegrenzt wird oder sich ausgegrenzt f\u00fchlen muss, dass wir ohne Angst verschieden sein d\u00fcrfen, weil wir alle Graz sind und die Stadt mit Menschen aus mehr als 150 Nationen, mehr als 15 anerkannten Religionen, jungen und \u00e4lteren Menschen etc. l\u00e4ngst vielf\u00e4ltig geworden ist<\/strong><strong>.<\/strong><\/span><\/h3>\n<p>&nbsp;<\/p>\n<h3><span style=\"color: #800000;\"><strong>29. April 2020: &#8222;<span class=\"st\">Religi\u00f6se Vielfalt in<\/span> Graz&#8220; Filmvorstellung in Kooperation mit KIZ RoyalKino, eine Veranstaltung <\/strong>zum ISOP- IKU Projekt &#8222;<strong>Tag der Vielfalt \u2013 Ohne Angst verschieden sein&#8220;<br \/>\n<\/strong><\/span><\/h3>\n<p><span style=\"color: #993300;\"><strong>Wo: KIZ Royal KINO<br \/>\n<\/strong><\/span><\/p>\n<p><span style=\"color: #993300;\"><strong>Beginn: 18 Uhr<\/strong><\/span><\/p>\n<p><span style=\"color: #800000;\"><strong>Information:<\/strong><\/span><br \/>\n<span style=\"color: #800000;\">IKU, Dreihackengasse 2, Mo-Do 8:00 &#8211; 15:00 Uhr, Fr 8:00 &#8211; 14:00 Uhr, Tel: 0316\/ 721053-81 oder 0664\/ 5137644<\/span><\/p>\n<h3>&nbsp;<\/h3>\n<h3><span style=\"color: #800000;\"><strong>2. Juli 2020: Bilderausstellung im Seniorenheim Rosenhain, eine Veranstaltung <\/strong>zum ISOP- IKU Projekt &#8222;<strong>Tag der Vielfalt \u2013 Ohne Angst verschieden sein&#8220;<br \/>\n<\/strong><\/span><\/h3>\n<p><span style=\"color: #993300;\"><strong>Wo: Seniorenheim Rosenhain, Max-Mell-Allee 16a<br \/>\n8010 Graz<br \/>\n<\/strong><\/span><\/p>\n<p><span style=\"color: #993300;\"><strong>Beginn: 16 Uhr<\/strong><\/span><\/p>\n<p><span style=\"color: #993300;\"><strong>Eintritt: Frei<br \/>\n<\/strong><\/span><\/p>\n<p><span style=\"color: #800000;\"><strong>Information:<\/strong><\/span><br \/>\n<span style=\"color: #800000;\">IKU, Dreihackengasse 2, Mo-Do 8:00 &#8211; 15:00 Uhr, Fr 8:00 &#8211; 14:00 Uhr, Tel: 0316\/ 721053-81 oder 0664\/ 5137644<\/span><\/p>\n<h2>&nbsp;<\/h2>\n<h2><span style=\"color: #800000;\">&#8222;<strong>Tag der Vielfalt \u2013 Ohne Angst verschieden sein&#8220;<\/strong><\/span><\/h2>\n<h3><span style=\"color: #800000;\"><strong>17. Oktober 2020<\/strong><strong><br \/>\n<\/strong><\/span><\/h3>\n<p><span style=\"color: #993300;\"><strong>Wo: Mariahilfer Platz<br \/>\n<\/strong><\/span><\/p>\n<p><span style=\"color: #993300;\"><strong>Beginn: ?12Uhr?<\/strong><\/span><\/p>\n<p><span style=\"color: #993300;\"><strong>Eintritt: Frei<br \/>\n<\/strong><\/span><\/p>\n<p><span style=\"color: #800000;\"><strong>Information:<\/strong><\/span><br \/>\n<span style=\"color: #800000;\">IKU, Dreihackengasse 2, Mo-Do 8:00 &#8211; 15:00 Uhr, Fr 8:00 &#8211; 14:00 Uhr, Tel: 0316\/ 721053-81 oder 0664\/ 5137644<\/span><\/p>\n<h3><span style=\"color: #800000;\"><strong>6. Dezember 2019: Auftaktveranstaltung <\/strong>zum ISOP- IKU Projekt &#8222;<strong><strong>Tag der Vielfalt<\/strong> \u2013 <strong>Ohne Angst verschieden sein&#8220;<\/strong><br \/>\n<\/strong><\/span><\/h3>\n<p>&nbsp;<\/p>\n<p><span style=\"color: #993300;\"><strong>Wo: ISOP, Dreihackengasse 2<br \/>\n<\/strong><\/span><\/p>\n<p><span style=\"color: #993300;\"><strong>Beginn: 18 Uhr<\/strong><\/span><\/p>\n<p><span style=\"color: #993300;\"><strong>Eintritt: Frei<br \/>\n<\/strong><\/span><\/p>\n<p><img loading=\"lazy\" decoding=\"async\" class=\"alignnone wp-image-3165\" src=\"https:\/\/www.isop.at\/iku\/wp-content\/uploads\/2016\/02\/Autogrammkarte-640x426.jpg\" alt=\"Autogrammkarte\" width=\"365\" height=\"243\" srcset=\"https:\/\/www.isop.at\/iku\/wp-content\/uploads\/2016\/02\/Autogrammkarte-640x426.jpg 640w, https:\/\/www.isop.at\/iku\/wp-content\/uploads\/2016\/02\/Autogrammkarte-300x200.jpg 300w, https:\/\/www.isop.at\/iku\/wp-content\/uploads\/2016\/02\/Autogrammkarte-250x166.jpg 250w, https:\/\/www.isop.at\/iku\/wp-content\/uploads\/2016\/02\/Autogrammkarte-90x60.jpg 90w\" sizes=\"auto, (max-width: 365px) 100vw, 365px\" \/><\/p>\n<p><span style=\"color: #800000;\"><strong>Information:<\/strong><\/span><br \/>\n<span style=\"color: #800000;\">IKU, Dreihackengasse 2, Mo-Do 8:00 &#8211; 15:00 Uhr, Fr 8:00 &#8211; 14:00 Uhr, Tel: 0316\/ 721053-81 oder 0664\/ 5137644<\/span><\/p>\n<p>&nbsp;<\/p>\n<h2><span style=\"color: #800000;\"><strong>7. Dezember 2018: &#8222;20 Jahre IKU&#8220;<\/strong><\/span><\/h2>\n<p><img loading=\"lazy\" decoding=\"async\" class=\"alignnone wp-image-394\" src=\"https:\/\/www.isop.at\/iku\/wp-content\/uploads\/2016\/02\/DSC0454-300x200.jpg\" alt=\"_DSC0454\" width=\"359\" height=\"239\" srcset=\"https:\/\/www.isop.at\/iku\/wp-content\/uploads\/2016\/02\/DSC0454-300x200.jpg 300w, https:\/\/www.isop.at\/iku\/wp-content\/uploads\/2016\/02\/DSC0454-250x166.jpg 250w, https:\/\/www.isop.at\/iku\/wp-content\/uploads\/2016\/02\/DSC0454.jpg 600w\" sizes=\"auto, (max-width: 359px) 100vw, 359px\" \/><\/p>\n<p><span style=\"color: #993300;\"><strong>Wo: Dom im Berg<\/strong><\/span><\/p>\n<p><span style=\"color: #993300;\"><strong>Beginn: 18 Uhr<\/strong><\/span><\/p>\n<p><span style=\"color: #993300;\"><strong>Eintritt: Frei&nbsp;<\/strong><\/span><\/p>\n<p><span style=\"color: #800000;\"><strong>Information:<\/strong><\/span><br \/>\n<span style=\"color: #800000;\">IKU, Annenstra\u00dfe 27\/1, Mo-Do 8:00 &#8211; 15:00 Uhr, Fr 8:00 &#8211; 14:00 Uhr, Tel: 0316\/ 721053 oder 0664\/ 5137644<\/span><\/p>\n<p>&nbsp;<\/p>\n<p>&nbsp;<\/p>\n<h2><span style=\"color: #800000;\"><strong>25. November 2017: <\/strong><\/span><span style=\"color: #800000;\"><strong><span style=\"color: #800000;\"><strong><span style=\"color: #800000;\">KUNST ohne GRENZEN<\/span><\/strong><\/span><\/strong><\/span><\/h2>\n<p><img loading=\"lazy\" decoding=\"async\" class=\"alignnone wp-image-1493\" src=\"https:\/\/www.isop.at\/iku\/wp-content\/uploads\/2016\/02\/kunst-ohne-granzen-214x300.png\" alt=\"Kunst ohne Grenzen\" width=\"146\" height=\"205\" srcset=\"https:\/\/www.isop.at\/iku\/wp-content\/uploads\/2016\/02\/kunst-ohne-granzen-214x300.png 214w, https:\/\/www.isop.at\/iku\/wp-content\/uploads\/2016\/02\/kunst-ohne-granzen-640x897.png 640w, https:\/\/www.isop.at\/iku\/wp-content\/uploads\/2016\/02\/kunst-ohne-granzen-250x350.png 250w, https:\/\/www.isop.at\/iku\/wp-content\/uploads\/2016\/02\/kunst-ohne-granzen-43x60.png 43w, https:\/\/www.isop.at\/iku\/wp-content\/uploads\/2016\/02\/kunst-ohne-granzen.png 680w\" sizes=\"auto, (max-width: 146px) 100vw, 146px\" \/><\/p>\n<h4><span style=\"color: #800000;\"><strong><span style=\"color: #800000;\"><strong>Im Rahmen von \u201e 30 Jahre ISOP\u201c pr\u00e4sentieren wir<\/strong><\/span><\/strong><\/span><\/h4>\n<h4><span style=\"color: #800000;\"><strong><span style=\"color: #800000;\"><strong>ein Theaterst\u00fcck in Zusammenarbeit mit der Zeitschrift Augustin und dem Theaterensemble \u201e&nbsp;<span style=\"color: #800000;\">11% Theater<\/span>\u201c und dazu&nbsp;eine Ausstellung ( Bildern und Kunstobjekten) von Sebastian Schweighofer<\/strong><\/span><\/strong><\/span><\/h4>\n<p><span style=\"color: #993300;\"><strong>Wo: ISOP \u2013&nbsp;Dreihackengasse 2,8010 Graz<\/strong><\/span><\/p>\n<p><span style=\"color: #993300;\"><strong>Beginn: 18 Uhr<\/strong><\/span><\/p>\n<p><span style=\"color: #993300;\"><strong>Eintritt: Frei<br \/>\n<\/strong><\/span><\/p>\n<h2>&nbsp;<\/h2>\n<p>&nbsp;<\/p>\n<p>&nbsp;<\/p>\n<p>&nbsp;<\/p>\n<h3>&nbsp;<\/h3>\n<h3>&nbsp;<\/h3>\n<p>&nbsp;<\/p>\n","protected":false},"excerpt":{"rendered":"<p>01.12.2023: 25-j\u00e4hriges Jubil\u00e4um des Projekts IKU mit&nbsp; Pr\u00e4sentation des Buches EBUWA \u2013 die Geschichte einer Frau Seit 25 Jahren leistet das Projekt IKU sein Beitrag zur F\u00f6rderung der interkulturellen Verst\u00e4ndigung in der Gesellschaft. Veranstaltung am 1.12.23: Buchpr\u00e4sentation und die Evaluierung des Projekts mit den Partnern und den Zielgruppen bzw. Menschen, die das Projekt in den &hellip; <a href=\"https:\/\/www.isop.at\/iku\/termine\/\" class=\"more-link\">Continue reading <span class=\"screen-reader-text\">Termine<\/span><\/a><\/p>\n","protected":false},"author":1,"featured_media":0,"parent":0,"menu_order":0,"comment_status":"closed","ping_status":"closed","template":"","meta":{"_acf_changed":false,"ngg_post_thumbnail":0,"footnotes":""},"class_list":["post-20","page","type-page","status-publish","hentry"],"acf":[],"_links":{"self":[{"href":"https:\/\/www.isop.at\/iku\/wp-json\/wp\/v2\/pages\/20","targetHints":{"allow":["GET"]}}],"collection":[{"href":"https:\/\/www.isop.at\/iku\/wp-json\/wp\/v2\/pages"}],"about":[{"href":"https:\/\/www.isop.at\/iku\/wp-json\/wp\/v2\/types\/page"}],"author":[{"embeddable":true,"href":"https:\/\/www.isop.at\/iku\/wp-json\/wp\/v2\/users\/1"}],"replies":[{"embeddable":true,"href":"https:\/\/www.isop.at\/iku\/wp-json\/wp\/v2\/comments?post=20"}],"version-history":[{"count":91,"href":"https:\/\/www.isop.at\/iku\/wp-json\/wp\/v2\/pages\/20\/revisions"}],"predecessor-version":[{"id":4379,"href":"https:\/\/www.isop.at\/iku\/wp-json\/wp\/v2\/pages\/20\/revisions\/4379"}],"wp:attachment":[{"href":"https:\/\/www.isop.at\/iku\/wp-json\/wp\/v2\/media?parent=20"}],"curies":[{"name":"wp","href":"https:\/\/api.w.org\/{rel}","templated":true}]}}

<h2><span style="color: #800000;"><strong>01.12.2023: 25-jähriges <span class=" fc-falcon"><b>Jubiläum</b> </span>des Projekts IKU mit&nbsp; Präsentation des Buches EBUWA – die Geschichte einer Frau</strong></span></h2>
<h3><span style="color: #800000;"><strong>Seit 25 Jahren leistet das Projekt IKU sein Beitrag zur Förderung der interkulturellen Verständigung in der Gesellschaft. Veranstaltung am 1.12.23: <span class=" fc-falcon"><b>Buchpräsentation</b></span> und die Evaluierung des Projekts mit den Partnern und den Zielgruppen bzw. Menschen, die das Projekt in den letzten Jahren begleitet haben&#8230;</strong></span></h3>
<p>&nbsp;</p>
<h3><img loading="lazy" decoding="async" class="alignnone wp-image-4350" src="https://www.isop.at/iku/wp-content/uploads/2024/03/IMG-20231203-WA0048-300x169.jpg" alt="IMG-20231203-WA0048" width="470" height="265" srcset="https://www.isop.at/iku/wp-content/uploads/2024/03/IMG-20231203-WA0048-300x169.jpg 300w, https://www.isop.at/iku/wp-content/uploads/2024/03/IMG-20231203-WA0048-640x360.jpg 640w, https://www.isop.at/iku/wp-content/uploads/2024/03/IMG-20231203-WA0048-250x141.jpg 250w, https://www.isop.at/iku/wp-content/uploads/2024/03/IMG-20231203-WA0048-107x60.jpg 107w, https://www.isop.at/iku/wp-content/uploads/2024/03/IMG-20231203-WA0048.jpg 1600w" sizes="auto, (max-width: 470px) 100vw, 470px" /></h3>
<h3>&nbsp;</h3>
<h3><span style="color: #800000;"><strong>&nbsp;</strong></span><span style="color: #800000;"><b><i>Veranstaltungsort: Heimatsaal/Volkskundemuseum</i></b></span></h3>
<h3>&nbsp;</h3>
<h2><span style="color: #800000;"><strong>07.12.2020: Eröffnung der Bilder der Vilefalt am Eisernen Tor<br />
</strong></span></h2>
<h3><span style="color: #800000;"><strong>Am 7. Dezember 2020 wurde eine Plakatserie von sechs Bildern vergestellt, die Porträts von Menschen zeigen, welche die kulturelle, religiöse und soziale Vielfalt von Graz zum Ausdruck bringen und das Gesicht der Stadt prägen. 120 dieser Plakate wurden von der Firma Ankünder an verschiedenen Standorten in ganz Graz für den Zeitraum von <strong>7.12. 2020 bis 4.1. 2021&nbsp;aufgestellt. </strong></strong></span></h3>
<p>&nbsp;</p>
<p><img loading="lazy" decoding="async" class="alignnone wp-image-3884" src="https://www.isop.at/iku/wp-content/uploads/2016/02/Plakat-640x427.jpg" alt="Plakat" width="465" height="310" srcset="https://www.isop.at/iku/wp-content/uploads/2016/02/Plakat-640x427.jpg 640w, https://www.isop.at/iku/wp-content/uploads/2016/02/Plakat-300x200.jpg 300w, https://www.isop.at/iku/wp-content/uploads/2016/02/Plakat-250x167.jpg 250w, https://www.isop.at/iku/wp-content/uploads/2016/02/Plakat-90x60.jpg 90w, https://www.isop.at/iku/wp-content/uploads/2016/02/Plakat.jpg 1299w" sizes="auto, (max-width: 465px) 100vw, 465px" /></p>
<h2><span style="color: #800000;"><strong>Graz als Stadt der vielfältigen Zukunft &#8211; ohne Angst verschieden sein </strong></span></h2>
<h3><span style="color: #800000;"><strong>Ziel des Projekts ist es, zu zeigen, dass niemand auf Grund seiner oder ihrer äußeren Erscheinung, Hautfarbe, Religion etc. gesellschaftlich&nbsp; ausgegrenzt wird oder sich ausgegrenzt fühlen muss, dass wir ohne Angst verschieden sein dürfen, weil wir alle Graz sind und die Stadt mit Menschen aus mehr als 150 Nationen, mehr als 15 anerkannten Religionen, jungen und älteren Menschen etc. längst vielfältig geworden ist</strong><strong>.</strong></span></h3>
<p>&nbsp;</p>
<h3><span style="color: #800000;"><strong>29. April 2020: &#8222;<span class="st">Religiöse Vielfalt in</span> Graz&#8220; Filmvorstellung in Kooperation mit KIZ RoyalKino, eine Veranstaltung </strong>zum ISOP- IKU Projekt &#8222;<strong>Tag der Vielfalt – Ohne Angst verschieden sein&#8220;<br />
</strong></span></h3>
<p><span style="color: #993300;"><strong>Wo: KIZ Royal KINO<br />
</strong></span></p>
<p><span style="color: #993300;"><strong>Beginn: 18 Uhr</strong></span></p>
<p><span style="color: #800000;"><strong>Information:</strong></span><br />
<span style="color: #800000;">IKU, Dreihackengasse 2, Mo-Do 8:00 &#8211; 15:00 Uhr, Fr 8:00 &#8211; 14:00 Uhr, Tel: 0316/ 721053-81 oder 0664/ 5137644</span></p>
<h3>&nbsp;</h3>
<h3><span style="color: #800000;"><strong>2. Juli 2020: Bilderausstellung im Seniorenheim Rosenhain, eine Veranstaltung </strong>zum ISOP- IKU Projekt &#8222;<strong>Tag der Vielfalt – Ohne Angst verschieden sein&#8220;<br />
</strong></span></h3>
<p><span style="color: #993300;"><strong>Wo: Seniorenheim Rosenhain, Max-Mell-Allee 16a<br />
8010 Graz<br />
</strong></span></p>
<p><span style="color: #993300;"><strong>Beginn: 16 Uhr</strong></span></p>
<p><span style="color: #993300;"><strong>Eintritt: Frei<br />
</strong></span></p>
<p><span style="color: #800000;"><strong>Information:</strong></span><br />
<span style="color: #800000;">IKU, Dreihackengasse 2, Mo-Do 8:00 &#8211; 15:00 Uhr, Fr 8:00 &#8211; 14:00 Uhr, Tel: 0316/ 721053-81 oder 0664/ 5137644</span></p>
<h2>&nbsp;</h2>
<h2><span style="color: #800000;">&#8222;<strong>Tag der Vielfalt – Ohne Angst verschieden sein&#8220;</strong></span></h2>
<h3><span style="color: #800000;"><strong>17. Oktober 2020</strong><strong><br />
</strong></span></h3>
<p><span style="color: #993300;"><strong>Wo: Mariahilfer Platz<br />
</strong></span></p>
<p><span style="color: #993300;"><strong>Beginn: ?12Uhr?</strong></span></p>
<p><span style="color: #993300;"><strong>Eintritt: Frei<br />
</strong></span></p>
<p><span style="color: #800000;"><strong>Information:</strong></span><br />
<span style="color: #800000;">IKU, Dreihackengasse 2, Mo-Do 8:00 &#8211; 15:00 Uhr, Fr 8:00 &#8211; 14:00 Uhr, Tel: 0316/ 721053-81 oder 0664/ 5137644</span></p>
<h3><span style="color: #800000;"><strong>6. Dezember 2019: Auftaktveranstaltung </strong>zum ISOP- IKU Projekt &#8222;<strong><strong>Tag der Vielfalt</strong> – <strong>Ohne Angst verschieden sein&#8220;</strong><br />
</strong></span></h3>
<p>&nbsp;</p>
<p><span style="color: #993300;"><strong>Wo: ISOP, Dreihackengasse 2<br />
</strong></span></p>
<p><span style="color: #993300;"><strong>Beginn: 18 Uhr</strong></span></p>
<p><span style="color: #993300;"><strong>Eintritt: Frei<br />
</strong></span></p>
<p><img loading="lazy" decoding="async" class="alignnone wp-image-3165" src="https://www.isop.at/iku/wp-content/uploads/2016/02/Autogrammkarte-640x426.jpg" alt="Autogrammkarte" width="365" height="243" srcset="https://www.isop.at/iku/wp-content/uploads/2016/02/Autogrammkarte-640x426.jpg 640w, https://www.isop.at/iku/wp-content/uploads/2016/02/Autogrammkarte-300x200.jpg 300w, https://www.isop.at/iku/wp-content/uploads/2016/02/Autogrammkarte-250x166.jpg 250w, https://www.isop.at/iku/wp-content/uploads/2016/02/Autogrammkarte-90x60.jpg 90w" sizes="auto, (max-width: 365px) 100vw, 365px" /></p>
<p><span style="color: #800000;"><strong>Information:</strong></span><br />
<span style="color: #800000;">IKU, Dreihackengasse 2, Mo-Do 8:00 &#8211; 15:00 Uhr, Fr 8:00 &#8211; 14:00 Uhr, Tel: 0316/ 721053-81 oder 0664/ 5137644</span></p>
<p>&nbsp;</p>
<h2><span style="color: #800000;"><strong>7. Dezember 2018: &#8222;20 Jahre IKU&#8220;</strong></span></h2>
<p><img loading="lazy" decoding="async" class="alignnone wp-image-394" src="https://www.isop.at/iku/wp-content/uploads/2016/02/DSC0454-300x200.jpg" alt="_DSC0454" width="359" height="239" srcset="https://www.isop.at/iku/wp-content/uploads/2016/02/DSC0454-300x200.jpg 300w, https://www.isop.at/iku/wp-content/uploads/2016/02/DSC0454-250x166.jpg 250w, https://www.isop.at/iku/wp-content/uploads/2016/02/DSC0454.jpg 600w" sizes="auto, (max-width: 359px) 100vw, 359px" /></p>
<p><span style="color: #993300;"><strong>Wo: Dom im Berg</strong></span></p>
<p><span style="color: #993300;"><strong>Beginn: 18 Uhr</strong></span></p>
<p><span style="color: #993300;"><strong>Eintritt: Frei&nbsp;</strong></span></p>
<p><span style="color: #800000;"><strong>Information:</strong></span><br />
<span style="color: #800000;">IKU, Annenstraße 27/1, Mo-Do 8:00 &#8211; 15:00 Uhr, Fr 8:00 &#8211; 14:00 Uhr, Tel: 0316/ 721053 oder 0664/ 5137644</span></p>
<p>&nbsp;</p>
<p>&nbsp;</p>
<h2><span style="color: #800000;"><strong>25. November 2017: </strong></span><span style="color: #800000;"><strong><span style="color: #800000;"><strong><span style="color: #800000;">KUNST ohne GRENZEN</span></strong></span></strong></span></h2>
<p><img loading="lazy" decoding="async" class="alignnone wp-image-1493" src="https://www.isop.at/iku/wp-content/uploads/2016/02/kunst-ohne-granzen-214x300.png" alt="Kunst ohne Grenzen" width="146" height="205" srcset="https://www.isop.at/iku/wp-content/uploads/2016/02/kunst-ohne-granzen-214x300.png 214w, https://www.isop.at/iku/wp-content/uploads/2016/02/kunst-ohne-granzen-640x897.png 640w, https://www.isop.at/iku/wp-content/uploads/2016/02/kunst-ohne-granzen-250x350.png 250w, https://www.isop.at/iku/wp-content/uploads/2016/02/kunst-ohne-granzen-43x60.png 43w, https://www.isop.at/iku/wp-content/uploads/2016/02/kunst-ohne-granzen.png 680w" sizes="auto, (max-width: 146px) 100vw, 146px" /></p>
<h4><span style="color: #800000;"><strong><span style="color: #800000;"><strong>Im Rahmen von „ 30 Jahre ISOP“ präsentieren wir</strong></span></strong></span></h4>
<h4><span style="color: #800000;"><strong><span style="color: #800000;"><strong>ein Theaterstück in Zusammenarbeit mit der Zeitschrift Augustin und dem Theaterensemble „&nbsp;<span style="color: #800000;">11% Theater</span>“ und dazu&nbsp;eine Ausstellung ( Bildern und Kunstobjekten) von Sebastian Schweighofer</strong></span></strong></span></h4>
<p><span style="color: #993300;"><strong>Wo: ISOP –&nbsp;Dreihackengasse 2,8010 Graz</strong></span></p>
<p><span style="color: #993300;"><strong>Beginn: 18 Uhr</strong></span></p>
<p><span style="color: #993300;"><strong>Eintritt: Frei<br />
</strong></span></p>
<h2>&nbsp;</h2>
<p>&nbsp;</p>
<p>&nbsp;</p>
<p>&nbsp;</p>
<h3>&nbsp;</h3>
<h3>&nbsp;</h3>
<p>&nbsp;</p>

<p>01.12.2023: 25-jähriges Jubiläum des Projekts IKU mit&nbsp; Präsentation des Buches EBUWA – die Geschichte einer Frau Seit 25 Jahren leistet das Projekt IKU sein Beitrag zur Förderung der interkulturellen Verständigung in der Gesellschaft. Veranstaltung am 1.12.23: Buchpräsentation und die Evaluierung des Projekts mit den Partnern und den Zielgruppen bzw. Menschen, die das Projekt in den &hellip; <a href="https://www.isop.at/iku/termine/" class="more-link">Continue reading <span class="screen-reader-text">Termine</span></a></p>
